{"id":2003,"date":"2023-01-02T16:07:20","date_gmt":"2023-01-02T15:07:20","guid":{"rendered":"http:\/\/www.derpassauer.de\/ILZTALBAHN\/wordpress\/?page_id=2003"},"modified":"2026-03-23T20:38:32","modified_gmt":"2026-03-23T19:38:32","slug":"vorstandschaft","status":"publish","type":"page","link":"http:\/\/www.derpassauer.de\/ILZTALBAHN\/wordpress\/vorstandschaft\/","title":{"rendered":"Vorstandschaft"},"content":{"rendered":"\n<p>Auf der Mitgliederversammlung am 21.03.2024 wurde die <strong>Vorstandschaft des F\u00f6rdervereins Ilztalbahn e.V.<\/strong> gew\u00e4hlt.<\/p>\n\n\n\n<p>Die Schatzmeisterin wurde am 20.03.2026 nachgew\u00e4hlt:<\/p>\n\n\n\n<ul><li>Vorstandssprecher: Hans Madl-Deinhart, Grainet<\/li><li>Stellvertretender Vorsitzender: Christoph Fleissner, Freyung<\/li><li>Stellvertretender Vorsitzender: Thomas Stifter, Passau<\/li><li>Schriftf\u00fchrer: J\u00f6rg Eckert, Ruhstorf<\/li><li>Schatzmeisterin: Brigitte Fleissner-J\u00e4ckel, Freyung <\/li><li>(Schatzmeister bis 2026: Hans Stifter, Mauth)<\/li><li>Beir\u00e4te: Monika Fecher, Eike Hallitzky, Thomas Heider, Markus Krell, Friedrich Papke, Laura Poost, Tim Rinne, Sebastian Schlutz, Hermann Schoyerer, Wilhelm Splitter.<\/li><\/ul>\n","protected":false},"excerpt":{"rendered":"<p>Auf der Mitgliederversammlung am 21.03.2024 wurde die Vorstandschaft des F\u00f6rdervereins Ilztalbahn e.V. gew\u00e4hlt. Die Schatzmeisterin wurde am 20.03.2026 nachgew\u00e4hlt: Vorstandssprecher: Hans Madl-Deinhart, Grainet Stellvertretender Vorsitzender: Christoph Fleissner, Freyung Stellvertretender Vorsitzender: Thomas Stifter, Passau Schriftf\u00fchrer: J\u00f6rg Eckert, Ruhstorf Schatzmeisterin: Brigitte Fleissner-J\u00e4ckel, &hellip; <a href=\"http:\/\/www.derpassauer.de\/ILZTALBAHN\/wordpress\/vorstandschaft\/\">Weiterlesen <span class=\"meta-nav\">&rarr;<\/span><\/a><\/p>\n","protected":false},"author":6,"featured_media":0,"parent":0,"menu_order":1,"comment_status":"closed","ping_status":"closed","template":"","meta":[],"_links":{"self":[{"href":"http:\/\/www.derpassauer.de\/ILZTALBAHN\/wordpress\/wp-json\/wp\/v2\/pages\/2003"}],"collection":[{"href":"http:\/\/www.derpassauer.de\/ILZTALBAHN\/wordpress\/wp-json\/wp\/v2\/pages"}],"about":[{"href":"http:\/\/www.derpassauer.de\/ILZTALBAHN\/wordpress\/wp-json\/wp\/v2\/types\/page"}],"author":[{"embeddable":true,"href":"http:\/\/www.derpassauer.de\/ILZTALBAHN\/wordpress\/wp-json\/wp\/v2\/users\/6"}],"replies":[{"embeddable":true,"href":"http:\/\/www.derpassauer.de\/ILZTALBAHN\/wordpress\/wp-json\/wp\/v2\/comments?post=2003"}],"version-history":[{"count":8,"href":"http:\/\/www.derpassauer.de\/ILZTALBAHN\/wordpress\/wp-json\/wp\/v2\/pages\/2003\/revisions"}],"predecessor-version":[{"id":2170,"href":"http:\/\/www.derpassauer.de\/ILZTALBAHN\/wordpress\/wp-json\/wp\/v2\/pages\/2003\/revisions\/2170"}],"wp:attachment":[{"href":"http:\/\/www.derpassauer.de\/ILZTALBAHN\/wordpress\/wp-json\/wp\/v2\/media?parent=2003"}],"curies":[{"name":"wp","href":"https:\/\/api.w.org\/{rel}","templated":true}]}}