{"id":738,"date":"2013-01-09T18:53:41","date_gmt":"2013-01-09T17:53:41","guid":{"rendered":"http:\/\/www.derpassauer.de\/ILZTALBAHN\/wordpress\/?page_id=738"},"modified":"2025-11-10T20:35:26","modified_gmt":"2025-11-10T19:35:26","slug":"startseite","status":"publish","type":"page","link":"http:\/\/www.derpassauer.de\/ILZTALBAHN\/wordpress\/","title":{"rendered":"Startseite"},"content":{"rendered":"<h2><strong>Herzlich Willkommen auf der Seite des F\u00f6rdervereins Ilztalbahn e.V.<\/strong><\/h2>\n<hr \/>\n<h3><strong>Informationen f\u00fcr Reisende auf der Ilztalbahn Passau-Freyung:<\/strong><\/h3>\n<p>Die Z\u00fcge der Ilztalbahn GmbH fahren wieder von 01. Mai bis 18. Oktober 2026 an Samstagen, Sonntagen und Feiertagen von Passau nach Freyung und zur\u00fcck.<\/p>\n<p>Fahrpl\u00e4ne und Fahrpreise finden Sie unter <a href=\"http:\/\/www.ilztalbahn.eu\">www.ilztalbahn.eu<\/a>.<\/p>\n<hr \/>\n<h2><strong>Der F\u00f6rderverein Ilztalbahn<br \/>\n<\/strong><\/h2>\n<p>Der F\u00f6rderverein hat die Aufgabe \u00fcbernommen, die Bahnstrecke Passau &#8211; Waldkirchen &#8211; Freyung einschlie\u00dflich der denkmalgesch\u00fctzten Bauten in betriebsf\u00e4higen Zustand zu versetzen und zu unterhalten.<\/p>\n<p>Dadurch wird sowohl der Denkmalschutz gef\u00f6rdert als auch ein klima- und umweltfreundlicher Verkehr der Allgemeinheit f\u00fcr die Zukunft erhalten.<\/p>\n<p>Die Herstellung und F\u00f6rderung der grenz\u00fcberschreitenden Verbindung zu unseren Nachbarn in der Tschechischen Republik sind ein europ\u00e4isches Ziel und unseres auch.<\/p>\n<h3><strong>1. Meilenstein: Ilztalbahn seit 16.07.2011 wieder betriebsbereit<\/strong><\/h3>\n<p><a href=\"http:\/\/www.derpassauer.de\/ILZTALBAHN\/wordpress\/wp-content\/uploads\/2011\/06\/Waldkirchen1.jpg\"><img loading=\"lazy\" class=\"alignleft size-medium wp-image-240\" title=\"Waldkirchen\" src=\"http:\/\/www.derpassauer.de\/ILZTALBAHN\/wordpress\/wp-content\/uploads\/2011\/06\/Waldkirchen1-200x300.jpg\" alt=\"\" width=\"200\" height=\"300\" srcset=\"http:\/\/www.derpassauer.de\/ILZTALBAHN\/wordpress\/wp-content\/uploads\/2011\/06\/Waldkirchen1-200x300.jpg 200w, http:\/\/www.derpassauer.de\/ILZTALBAHN\/wordpress\/wp-content\/uploads\/2011\/06\/Waldkirchen1.jpg 520w\" sizes=\"(max-width: 200px) 100vw, 200px\" \/><\/a>&#8222;Der Erhalt einer leistungsf\u00e4higen Schieneninfrastruktur ist von besonderer Bedeutung&#8220;, so hei\u00dft es im Landesentwicklungsprogramm Bayern. Der Staat hat sich seiner gesetzlichen Pflicht entzogen, deshalb haben wir B\u00fcrger die Sache selbst in die Hand genommen.<\/p>\n<p>Die Inbetriebnahme der Ilztalbahn im Jahr 1892 war von seiner Bedeutung her ein einmaliges geschichtliches Ereignis f\u00fcr den gesamten Unteren Bayerischen Wald. Die Bahnstrecke Passau-Waldkirchen-Freyung ist ein Kulturdenkmal ersten Ranges. Der F\u00f6rderverein hat sich deshalb in seiner Satzung verpflichtet, die Bahnstrecke mit ihren denkmalgesch\u00fctzten Baulichkeiten in einem benutzungsf\u00e4higen Zustand zu erhalten.<\/p>\n<p>Jetzt ist es so weit. Die Ilztalbahn ist auf ihrer gesamten L\u00e4nge wieder betriebsbereit. In Tausenden von Arbeitsstunden haben zahlreiche B\u00fcrger aus den Reihen der \u00fcber 700 Mitglieder des Vereins dies m\u00f6glich gemacht.<\/p>\n<h3><strong>2. Meilenstein: Bahnhof Waldkirchen geh\u00f6rt seit 17.09.2012 dem F\u00f6rderverein Ilztalbahn e.V.<\/strong><\/h3>\n<p>&#8222;Mit dem Kauf des Waldkirchner Bahnhofs am 17.09.2012 hat der F\u00f6rderverein Ilztalbahn die Aufgabe \u00fcbernommen, ein wichtiges Denkmal zur Entwicklungsgeschichte unserer Region auf Dauer zu erhalten.&#8220;, so Michael Liebl, der Vorsitzende des F\u00f6rdervereins. Im Jahr 2015 feierte der Bahnhof sein 125-j\u00e4hriges Bestehen.<\/p>\n<div id=\"attachment_621\" style=\"width: 610px\" class=\"wp-caption alignleft\"><a href=\"http:\/\/www.derpassauer.de\/ILZTALBAHN\/wordpress\/wp-content\/uploads\/2011\/06\/20120818-Bahnhofsfest-Waldkirchen-w6001.jpg\"><img aria-describedby=\"caption-attachment-621\" loading=\"lazy\" class=\"size-full wp-image-621 \" title=\"Ilztalbahn - Bahnhofsfest Waldkirchen 2012\" src=\"http:\/\/www.derpassauer.de\/ILZTALBAHN\/wordpress\/wp-content\/uploads\/2011\/06\/20120818-Bahnhofsfest-Waldkirchen-w6001.jpg\" alt=\"\" width=\"600\" height=\"331\" srcset=\"http:\/\/www.derpassauer.de\/ILZTALBAHN\/wordpress\/wp-content\/uploads\/2011\/06\/20120818-Bahnhofsfest-Waldkirchen-w6001.jpg 600w, http:\/\/www.derpassauer.de\/ILZTALBAHN\/wordpress\/wp-content\/uploads\/2011\/06\/20120818-Bahnhofsfest-Waldkirchen-w6001-300x165.jpg 300w\" sizes=\"(max-width: 600px) 100vw, 600px\" \/><\/a><p id=\"caption-attachment-621\" class=\"wp-caption-text\">Bahnhof Waldkirchen 2012, Bahnhofsfest (Foto: F\u00f6rderverein Ilztalbahn)<\/p><\/div>\n<h3><strong>Auch Sie k\u00f6nnen mithelfen!<\/strong><\/h3>\n<p><strong>VEREIN:<\/strong> Werden Sie Mitglied bei uns, dem \u201eF\u00f6rderverein Ilztalbahn e.V.\u201c<br \/>\nWir und \u00fcber 600 weitere Mitglieder freuen sich \u00fcber \u201eZuwachs\u201c.<br \/>\n<a href=\"http:\/\/www.derpassauer.de\/ILZTALBAHN\/wordpress\/wp-content\/uploads\/2021\/09\/Mitgliedsantrag-FV-Ilztalbahn-2021.pdf\">Hier k\u00f6nnen Sie sich den Mitgliedsantrag herunterladen<\/a>.<\/p>\n<p><strong>SPENDEN:<\/strong><br \/>\nFinanziell: kleine und gro\u00dfe Geldspenden lassen uns die st\u00e4ndigen Ausgaben f\u00fcr den Erhalt der Strecke besser bew\u00e4ltigen und erleichtern Entscheidungen.<\/p>\n<p>Bankverbindungen F\u00f6rderverein Ilztalbahn e.V.:<\/p>\n<p>Sparkasse Waldkirchen<br \/>\nBLZ: 74051230<br \/>\nKto.: 60113347<br \/>\nIBAN: DE22 7405 1230 0060 1133 47<br \/>\nBIC: BYLADEM1FRG<\/p>\n<p>Raiffeisenbank Grainet<br \/>\nBLZ: 74069744<br \/>\nKto.: 44881<br \/>\nIBAN: DE98 7406 9744 0000 0448 81<br \/>\nBIC: GENODEF1GRT<\/p>\n<p>Der Verein ist unter der Steuernummer 153\/108\/31651 beim Finanzamt Passau als gemeinn\u00fctzig anerkannt. Sie erhalten von uns auf Wunsch eine Zuwendungsbest\u00e4tigung.<\/p>\n<p>Materiell: ebenso gern gesehen sind Sachspenden, die nach R\u00fccksprache mit den Vereinsaktiven sehr oft auch schon viel weitergeholfen haben. Als aktuelles Beispiel hier nur die Spenden f\u00fcr die Sanierung des Schalterraums im Bahnhof Waldkirchen oder auch manuell zu bedienende Bauger\u00e4te zum Erhalt der Trasse.<\/p>\n<p>Hans Madl-Deinhart<br \/>\n1.Vorsitzender<br \/>\nF\u00f6rderverein Ilztalbahn e.V.<\/p>\n","protected":false},"excerpt":{"rendered":"<p>Herzlich Willkommen auf der Seite des F\u00f6rdervereins Ilztalbahn e.V. Informationen f\u00fcr Reisende auf der Ilztalbahn Passau-Freyung: Die Z\u00fcge der Ilztalbahn GmbH fahren wieder von 01. Mai bis 18. Oktober 2026 an Samstagen, Sonntagen und Feiertagen von Passau nach Freyung und &hellip; <a href=\"http:\/\/www.derpassauer.de\/ILZTALBAHN\/wordpress\/\">Weiterlesen <span class=\"meta-nav\">&rarr;<\/span><\/a><\/p>\n","protected":false},"author":5,"featured_media":0,"parent":0,"menu_order":0,"comment_status":"closed","ping_status":"closed","template":"","meta":[],"_links":{"self":[{"href":"http:\/\/www.derpassauer.de\/ILZTALBAHN\/wordpress\/wp-json\/wp\/v2\/pages\/738"}],"collection":[{"href":"http:\/\/www.derpassauer.de\/ILZTALBAHN\/wordpress\/wp-json\/wp\/v2\/pages"}],"about":[{"href":"http:\/\/www.derpassauer.de\/ILZTALBAHN\/wordpress\/wp-json\/wp\/v2\/types\/page"}],"author":[{"embeddable":true,"href":"http:\/\/www.derpassauer.de\/ILZTALBAHN\/wordpress\/wp-json\/wp\/v2\/users\/5"}],"replies":[{"embeddable":true,"href":"http:\/\/www.derpassauer.de\/ILZTALBAHN\/wordpress\/wp-json\/wp\/v2\/comments?post=738"}],"version-history":[{"count":122,"href":"http:\/\/www.derpassauer.de\/ILZTALBAHN\/wordpress\/wp-json\/wp\/v2\/pages\/738\/revisions"}],"predecessor-version":[{"id":2162,"href":"http:\/\/www.derpassauer.de\/ILZTALBAHN\/wordpress\/wp-json\/wp\/v2\/pages\/738\/revisions\/2162"}],"wp:attachment":[{"href":"http:\/\/www.derpassauer.de\/ILZTALBAHN\/wordpress\/wp-json\/wp\/v2\/media?parent=738"}],"curies":[{"name":"wp","href":"https:\/\/api.w.org\/{rel}","templated":true}]}}